 (-2)/(-2 - 0)?
1
Let r(v) = -2015*v - 5944. What is the units digit of r(-18)?
6
Let h be (8/(-24) - -1)*-2574*1. What is the tens digit of 4*(h/(-16) - -6)?
5
Let v(q) = q**2 - 14*q + 33. Let z be v(10). What is the units digit of 1/z + 138*100/21?
7
Let t = -7948 + 32746. What is the thousands digit of t?
4
Suppose 2 = 2*y, 6*y - 6210 = -3*h + 3*y. Suppose -3*l + l + t + h = 0, 0 = 5*t - 25. What is the thousands digit of l?
1
Let f = 47 - 50. Let w be ((-27)/f)/(-2*3/(-68)). Let o = w + -70. What is the units digit of o?
2
What is the units digit of 1 - (6/10 - 5848/5)?
0
Suppose 4*n + 40472 = 2*w + 2*w, w = -3*n + 10134. Suppose -94*k + 73*k = -w. What is the hundreds digit of k?
4
Let x(k) = 106 + k**2 - 197 - 2*k + 136. What is the hundreds digit of x(18)?
3
Suppose 2*k + 1660 = 19038. What is the hundreds digit of k?
6
Suppose -6*h + 7*h - 21523 = 2*q, -3*h - q + 64611 = 0. What is the thousands digit of h?
1
What is the units digit of ((-1)/12)/1 + (-56 - 5472063/(-324))?
3
Let n(q) = 14*q**2 - 5*q + 1. Let i(l) = 5*l**2 - 42 - l + 41 - 4*l**2. Let b(t) = -6*i(t) + n(t). What is the tens digit of b(-3)?
7
Let n(z) = -4*z + 22. Let u be n(7). Let a be 6/(-4)*(-5 - u/2). Suppose -5*r + 822 = -j, a*r - 496 = 5*j - 3*j. What is the tens digit of r?
6
Suppose -g - 3*m + 41825 = 3*g, -3*g + 31350 = -4*m. What is the ten thousands digit of g?
1
Let v = 71910 + -35195. What is the tens digit of v?
1
Let k be (128/(-12)*-1)/(2/6). Let b = 36 - k. What is the units digit of 9 - 0 - b - -149?
4
Suppose 0 = -3*t + 3*o + 3, 0 = 5*t - 7*o + 9*o - 12. Suppose 0 = 26*p + t*p - 13496. What is the tens digit of p?
8
Suppose 11*x + 12 = 13*x. What is the units digit of (-615)/(-6) + 15/x?
5
Let b = 350 - -3203. What is the hundreds digit of b?
5
Let y(r) = 12*r + 1. Suppose 0 = p - 4*p + 3. Let b be y(p). Suppose b*x = 14*x - 241. What is the hundreds digit of x?
2
Let f = -4459 - -10394. What is the hundreds digit of f?
9
Let u be 2 - (-5 + (-3)/(-1)). Suppose u*n + 10 = 6. What is the tens digit of (-31 + -12)/(n - 0)?
4
Suppose 3*k - 1875 - 1332 = 0. Suppose -802 = -3*m + i, 0 = 2*m + 2*m - i - k. What is the tens digit of m?
6
Let b(q) = -q**3 - 9*q**2 - 17*q - 18. Suppose -3*a + 2*a - 5 = -d, 2*d + a - 22 = 0. Suppose -62 = d*v + 10. What is the tens digit of b(v)?
5
Let l = -17 + 14. Suppose -3*z = o + 2*z - 22, 3*o - 5*z + 34 = 0. What is the hundreds digit of o + 271 + -4 - l?
2
Let y(t) = -618*t + 1296. What is the thousands digit of y(-9)?
6
Suppose 0 = -2*r - 9*r + 902. Let c = 85 - r. Suppose 0 = 4*x + 6*a - 2*a - 496, c*a = -12. What is the tens digit of x?
2
Suppose 5*t = -5*l + 70, 2*l + 5 = -5*t + 42. Suppose 2*k + 1890 = l*k. Let c = k + -131. What is the units digit of c?
9
Let w(m) = -11*m**2 - 45*m - 2. Let t be w(-4). Let g(i) = 65*i**3 - 4*i**2 + i - 5. What is the tens digit of g(t)?
0
Let h = -6650 - -10939. Suppose 7*z + 1111 = h. What is the hundreds digit of z?
4
Let c(h) = h**3 + 54*h**2 - 79*h - 1565. What is the tens digit of c(-53)?
3
Let v(k) = -11*k - 11. Let q be v(-12). Let f(m) = -16*m - 6. Let l be f(-4). Let s = q - l. What is the tens digit of s?
6
Let a(u) = 769*u**3 - 4*u**2 - 11*u + 8. What is the units digit of a(3)?
2
Suppose -2*s - 2 + 18 = 2*m, 4*m - 36 = -5*s. Let a be m + 25/(-5) + 1. Suppose a = -3*g + 6*g - 2*r - 841, 3*g - r - 842 = 0. What is the hundreds digit of g?
2
What is the hundreds digit of (-116320)/(-60)*(0 - 1)*-3?
8
Let o be (664 - 3) + 1/(-1). Suppose 665 = 7*z - 2*z + 4*k, 5*z + 5*k - o = 0. Suppose -5*n + z = -5*m - 158, -25 = -5*m. What is the tens digit of n?
6
Let u = 2221 - 1274. Let f = -356 + u. What is the units digit of f?
1
Let d = 6354 + 2364. What is the hundreds digit of d?
7
Let m be ((4/(-8))/1)/((-1)/4). Suppose 5*z = -2*n - 25875, -2*z + m*n - 10350 = 4*n. What is the units digit of (-1 + 1 + -1)/(25/z)?
7
Suppose -3*k + 2635 = 3*w + w, -2605 = -4*w + 3*k. Suppose -p = -a - 597, 0 = -p + 4*a + w - 70. What is the tens digit of p?
0
Let r(w) = w**2 - 47. Let b(n) = n**2 - 7*n + 1. Let f be b(4). What is the tens digit of r(f)?
7
Let k(s) = 2*s**3 - 80*s**2 - 151*s - 112. Let y(z) = z**3 - 39*z**2 - 75*z - 56. Let d(g) = -2*k(g) + 5*y(g). What is the tens digit of d(38)?
0
Let m = 167 - 118. Let r = m - -51. What is the units digit of r?
0
Let q = -33 + 42. What is the hundreds digit of (q/(-3))/((-932)/(-944) - 1)?
2
What is the units digit of (-4)/(-66)*-3 + (-36066744)/(-1386)?
2
Suppose 0 = -u + 3*u, -5*n - 4*u = 0. Suppose n = -5*s - 2*q - 530, 2*s - 3*q - 318 = 5*s. Let x = 300 + s. What is the hundreds digit of x?
1
Suppose 1860 = 11*n - 1902. Suppose 25*d - 24*d - n = 0. What is the tens digit of d?
4
Let u(s) = 378*s - 106. Let k be u(13). Suppose -9*z - k = -15563. What is the thousands digit of z?
1
Let o(r) = -1. Let u(x) = 11*x**2 + 3*x + 12. Let p(t) = 3*o(t) + u(t). Let w be p(-4). Let l = w + -87. What is the tens digit of l?
8
Suppose b = 24*b - 276. Suppose -b*t = -7473 - 9387. What is the thousands digit of t?
1
Suppose -2125 = -34*b + 29*b + 3*p, -b + 447 = -5*p. What is the tens digit of b?
2
Let b(w) = w**3 + 11*w**2 + 13*w + 19. Suppose 2*q - 107 = -53. Let d be 2/((-6)/q)*(0 + 1). What is the units digit of b(d)?
4
Let z(y) = y**3 + 20*y**2 + 10*y + 12. Let o be z(-14). Let d = o - 384. What is the hundreds digit of d?
6
What is the hundreds digit of (1144/5)/(22/(-2) - 2171/(-195))?
7
Let s = -613 - -762. Suppose 307 = x + 4*f - s, -456 = -x + 3*f. What is the hundreds digit of x?
4
Suppose 3*y = -4*d + 3, -d + 3*y - y - 2 = 0. Suppose d = -8*j + 5993 - 2209. What is the tens digit of j?
7
Let o(p) = -2569*p + 3452. What is the thousands digit of o(-6)?
8
Suppose -4*j + 0*x = -9*x - 3902, -j + 979 = -4*x. What is the tens digit of j?
7
Let m = 78 - 167. Suppose 45 = 2*v + 7*v. Let t = v - m. What is the tens digit of t?
9
Suppose 3*j = 4*o - 32, -2*j + 0*j - 3*o - 10 = 0. Let f = 10 + j. Suppose 4 = -f*v, 28 = 2*s - v - 212. What is the units digit of s?
9
Let u(d) = -d + 2. Let w(s) = -s - 1. Let y be w(-1). Let p be u(y). What is the units digit of (-2*p)/(2/(-5))?
0
Let a(l) = -l**3 - 4*l**2 + 12*l + 2. Let n be a(-6). Let h be (-64)/(2 + n) + 1. What is the tens digit of ((-326)/(-3))/(5/(h/(-2)))?
6
Let j = -7620 + 11572. What is the hundreds digit of j?
9
Suppose 2*l - 7 = -j, l + 3*j + 0 - 6 = 0. Suppose 5 + l = -4*z, -2*p + 2*z = -10. Suppose 5*m = 2*s + 492, 2*m - s - p*s = 184. What is the units digit of m?
0
Suppose 2*v - 64644 = 212*m - 210*m, v - 4*m = 32316. What is the hundreds digit of v?
3
Let n(u) = -u**2 + 14*u + 2. Let o(a) = -2*a**2 + 29*a + 4. Let s(q) = 5*n(q) - 2*o(q). Let f be s(12). Suppose -f*c = -4*c + 2. What is the units digit of c?
1
Let y(m) = 2*m**3 - 44*m**2 - 98*m + 122. What is the hundreds digit of y(44)?
9
Let q = 1336 - -5066. What is the hundreds digit of q?
4
Let j(k) = -k + 8. Let p be j(4). Suppose -s + 3*s = -4*t + 20, -28 = -p*t - 4*s. Suppose 0 = t*r - 5*r + 166. What is the units digit of r?
3
Let z(i) = -i**2 + 13. Let t be z(0). Suppose t*k + 9551 - 28180 = 0. What is the hundreds digit of k?
4
Let a(q) = 10*q**2 + 16*q - 5. Suppose 0 = -87*s + 82*s - 50. What is the units digit of a(s)?
5
Suppose -202*h + 199*h + 29143 = 5*z, -23314 = -4*z - 2*h. What is the hundreds digit of z?
8
Let h(l) = 24*l - 30. Suppose 12 = -3*c, 2*b + 3*c - 2*c = 0. Suppose 4*d - z = 34, 5*d - 7*d + 12 = b*z. What is the tens digit of h(d)?
6
Let p be ((-1)/(-1) + 0)/(11/44). Let c be -2*(3 - p/(-8)*5). What is the units digit of ((c - -9) + -2*1)*-14?
6
Let x(q) = 374*q + 589. What is the hundreds digit of x(3)?
7
Suppose 5*b = x + 11819, -99*x = b - 104*x - 2383. What is the thousands digit of b?
2
Suppose 473*o - 36889102 = 10*o - 10557366. What is the ten thousands digit of o?
5
Let o(d) = 7*d**3 - 17*d**2 + 56*d + 33. What is the thousands digit of o(8)?
2
Let c = 205 - 107. Let i = -94 + c. Suppose 13 = i*q - 147. What is the tens digit of q?
4
Let y be (-1 - (1 - 3))*-45. Let g be -81*((-19)/((-57)/(-20)) + 6). Let z = g + y. What is the units digit of z?
9
Let o(l) = -13*l + 15. Let s(i) be the second derivative of -i**3/3 + i**2/2 + 45*i. Let v(d) = -o(d) + 4*s(d). What is the tens digit of v(5)?
1
Let c(j) = -